 Determine i(-14).
-75
Let j(w) = -4547*w - 9087. Give j(-2).
7
Let v(s) = 6*s + 685. Give v(-83).
187
Let q(d) = -3*d**2 + 231*d - 907. Calculate q(73).
-31
Let y(g) = 3*g**3 - 95*g**2 + 68*g + 31. Calculate y(31).
217
Let i(w) = 4744*w - 47460. Give i(10).
-20
Let v(k) = 10*k**2 - 310*k + 527. What is v(29)?
-53
Let w(l) = -8*l**2 + 79*l - 43. Calculate w(10).
-53
Let m(k) = 40*k**3 + 4*k**2 + 4*k. Give m(2).
344
Let b(o) = -o**2 - 173*o - 7291. What is b(-73)?
9
Let q(v) = -7638*v - 145122. Calculate q(-19).
0
Let t(u) = u**2 + 528*u - 4836. What is t(9)?
-3
Let p(k) = 504*k - 12123. Give p(24).
-27
Let c(q) = -q**3 - 64*q**2 - 1026*q - 351. Calculate c(-29).
-32
Let x(a) = 1790*a + 5366. Calculate x(-3).
-4
Let m(f) = -f**3 + 60*f**2 - 160*f - 414. Determine m(57).
213
Let d(l) = -16*l**2 - 106*l - 30. What is d(-6)?
30
Let m(i) = -24*i**2 - 14*i - 5. Give m(2).
-129
Let z(p) = -p**2 + 248*p - 11. Determine z(0).
-11
Let s(g) = -4*g**2 - 6*g + 3166. Give s(-29).
-24
Let l(y) = -20*y - 181. Give l(-12).
59
Let b(a) = -145*a + 3929. Determine b(27).
14
Let i(f) = -30*f - 499. Calculate i(-20).
101
Let o(k) = 8220*k - 57544. Determine o(7).
-4
Let c(q) = 44*q + 13. Calculate c(1).
57
Let p(i) = -572*i + 467. Give p(1).
-105
Let d(w) = 18*w + 791. Calculate d(-33).
197
Let o(c) = -3*c**2 + 323*c + 514. Calculate o(110).
-256
Let z(h) = 330*h - 4628. Calculate z(14).
-8
Let h(q) = q**3 - 27*q**2 + 91*q + 15. What is h(23)?
-8
Let f(v) = -v**3 + 44*v**2 + 191*v + 47. What is f(48)?
-1
Let c(z) = z**2 + 128*z + 983. What is c(-120)?
23
Let i(h) = 4*h**3 + 168*h**2 + 615*h + 282. Calculate i(-38).
16
Let a(g) = g**2 + 55*g - 3128. Calculate a(-90).
22
Let l(b) = 2*b**3 + 3*b**2 - 161*b + 6. What is l(0)?
6
Let i(s) = -49*s + 384. Give i(8).
-8
Let t(v) = -v**3 - 22*v**2 - 111*v + 91. Calculate t(-12).
-17
Let u(t) = -t**3 + 31*t**2 + 139*t + 40. Determine u(35).
5
Let r(f) = f**2 - 41*f + 81. Give r(37).
-67
Let y(g) = -g**3 + 25*g**2 - 158*g + 36. Calculate y(11).
-8
Let v(n) = 2*n**2 - 116*n - 34. Calculate v(58).
-34
Let t(r) = 71*r + 3341. What is t(-47)?
4
Let v(k) = -37*k**2 - 14*k + 31. Determine v(2).
-145
Let m(i) = 25*i**2 - 532*i + 141. Give m(21).
-6
Let n(p) = 2495*p - 12493. Determine n(5).
-18
Let c(k) = 1033*k + 5163. Calculate c(-5).
-2
Let b(r) = r**2 - 15*r + 49. Determine b(4).
5
Let a(i) = -3*i + 159. Calculate a(-13).
198
Let k(u) = 9*u - 25. What is k(6)?
29
Let o(y) = y**3 + 17*y**2 + 74*y + 43. Determine o(-7).
15
Let h(l) = -12*l + 26. Give h(6).
-46
Let j(b) = -13*b**2 + 21*b + 80. What is j(-4)?
-212
Let v(y) = -y**2 + 22*y + 244. What is v(37)?
-311
Let v(m) = -m**3 + 9*m**2 - 36*m + 23. Give v(6).
-85
Let a(o) = o**3 + 13*o**2 + 25*o + 26. Give a(-4).
70
Let y(w) = -179*w + 7. What is y(-1)?
186
Let f(m) = -323*m - 891. Give f(-3).
78
Let c(t) = 255*t - 2800. What is c(10)?
-250
Let k(c) = -43*c - 1689. Calculate k(-54).
633
Let i(t) = 2*t**2 + 52*t + 109. Calculate i(-24).
13
Let i(r) = -1487*r - 35694. Calculate i(-24).
-6
Let t(s) = 5*s**2 + 48. Determine t(-7).
293
Let g(u) = 3*u**2 + 9*u + 60. Calculate g(-8).
180
Let r(b) = -117*b + 18476. Give r(158).
-10
Let q(k) = 4024*k - 20097. What is q(5)?
23
Let a(y) = -16*y + 691. What is a(15)?
451
Let z(g) = -46*g - 100. What is z(-3)?
38
Let a(u) = 2*u**2 + 37*u - 578. What is a(10)?
-8
Let q(t) = -t**3 - 28*t**2 + 166*t + 40. What is q(-33)?
7
Let u(j) = -2*j**3 + 28*j**2 - 107*j + 57. What is u(6)?
-9
Let h(r) = -4*r**3 + r**2 + 68*r + 2. Give h(-4).
2
Let x(j) = -125*j - 7376. Give x(-59).
-1
Let u(l) = l**3 + 121*l**2 + 670*l - 2299. What is u(-115)?
1
Let y(v) = 15*v - 154. Give y(4).
-94
Let o(b) = 450*b - 13917. Give o(31).
33
Let p(r) = 6*r**2 + 417*r + 23. What is p(-70)?
233
Let j(i) = i**2 + 823*i + 2467. What is j(-3)?
7
Let d(q) = q**3 - 93*q**2 + 1894*q - 114. What is d(30)?
6
Let z(v) = -v**3 - 28*v + 197. Give z(4).
21
Let v(h) = h**2 - 133*h + 549. What is v(4)?
33
Let z(g) = 86*g + 643. Give z(-7).
41
Let z(y) = y + 72. Calculate z(18).
90
Let b(n) = -n**3 + 7*n**2 + 84*n - 35. Determine b(13).
43
Let j(h) = -h**3 - 6*h**2 + 19*h + 14. Give j(-8).
-10
Let m(p) = p**3 - 4*p**2 - 68*p - 104. Calculate m(11).
-5
Let x(i) = 195*i + 760. Determine x(-4).
-20
Let y(q) = 119*q - 2179. Give y(18).
-37
Let t(o) = -o**3 - 13*o**2 - 2*o + 14. Give t(-14).
238
Let o(u) = -22*u + 218. Determine o(5).
108
Let d(n) = 75*n + 395. Give d(-10).
-355
Let c(t) = t**3 - 38*t**2 - 1025*t + 956. What is c(56)?
4
Let i(t) = -152*t + 1523. What is i(11)?
-149
Let u(h) = -83*h + 551. What is u(6)?
53
Let h(z) = -9*z**2 + 77*z + 218. Give h(11).
-24
Let g(n) = 50*n - 322. Give g(7).
28
Let o(p) = 159*p**2 - 5408*p + 51. What is o(34)?
-17
Let z(b) = -b**2 + 207*b + 626. Determine z(-3).
-4
Let u(i) = 2*i**3 - 3*i**2 - 10*i + 32. Calculate u(3).
29
Let x(c) = 3*c - 114. Determine x(7).
-93
Let m(i) = i**3 + i**2 - 2*i + 5. Determine m(2).
13
Let m(n) = n**2 - 25*n + 234. What is m(5)?
134
Let c(o) = -349*o - 9389. What is c(-27)?
34
Let y(m) = -6*m**2 - 87*m + 32. Determine y(-15).
-13
Let t(v) = v**3 + 15*v**2 - 96*v - 250. Give t(-2).
-6
Let q(n) = 21*n - 6. Give q(0).
-6
Let f(d) = -23*d + 218. What is f(9)?
11
Let z(p) = 788*p - 6147. Calculate z(8).
157
Let y(f) = f**3 + 2*f**2 - 43*f - 23. Calculate y(6).
7
Let y(f) = -4*f + 28. Give y(-4).
44
Let v(k) = -k**2 - 15*k + 89. What is v(-7)?
145
Let o(f) = -f**3 - 10*f**2 + 3*f - 299. Give o(-12).
-47
Let f(i) = -i**3 - 25*i**2 + 26*i. Determine f(-26).
0
Let f(m) = m**2 + 18*m - 142. What is f(7)?
33
Let t(y) = 5*y**2 - y - 16. What is t(-2)?
6
Let b(h) = -2*h**2 + 5364*h - 26770. Calculate b(5).
0
Let n(v) = v**3 + 2*v**2 + 3*v - 10. Determine n(-6).
-172
Let r(x) = 2*x**3 + 64*x**2 + 62*x - 10. Determine r(-31).
-10
Let u(x) = x**2 + 216*x + 4422. What is u(-23)?
-17
Let b(d) = -3*d**3 - 37*d**2 - 45*d - 12. Calculate b(-11).
-1
Let b(a) = -578*a - 235. Determine b(-2).
921
Let c(h) = 8*h**3 - 77*h**2 - 217*h + 8. What is c(-3)?
-250
Let r(n) = n - 25. Calculate r(13).
-12
Let k(s) = 953*s - 5701. Determine k(6).
17
Let z(k) = -455*k + 18198. What is z(40)?
-2
Let q(r) = 2*r**3 + 31*r**2 + 112*r - 7. What is q(-8)?
57
Let u(p) = -3*p + 177. What is u(46)?
39
Let m(b) = 11398*b + 45598. Determine m(-4).
6
Let k(m) = m + 36. Calculate k(2).
38
Let v(l) = 2*l**3 + 91*l**2 + 49*l + 176. Determine v(-45).
-4
Let c(h) = -1312*h + 6566. Determine c(5).
6
Let m(w) = -w**3 + 31*w**2 - 40*w - 353. Determine m(29).
169
Let x(p) = 3*p**2 - 304*p - 838. What is x(104)?
-6
Let l(u) = 218*u + 12864. Give l(-59).
2
Let z(s) = -248*s - 1283. Determine z(-5).
-43
Let l(s) = 303*s - 3358. What is l(11)?
-25
Let f(d) = -d**2 - 38*d + 162. Give f(-43).
-53
Let s(m) = -102*m**3 + 7*m**2 - 3. Determine s(-1).
106
Let m(x) = 7*x**3 - 8*x**2 - 5*x + 5. Determine m(-3).
-241
Let m(h) = h**2 + 560*h + 2726. Calculate m(-5).
-49
Let m(l) = -3*l**2 - 210*l - 973. What is m(-5)?
2
Let g(o) = o**2 - 29*o + 27. What is g(28)?
-1
Let c(l) = l**3 + 8*l**2 - 59*l + 79. Determine c(-13).
1
Let g(w) = 3*w**3 - 19*w**2 + w - 16. Give g(7).
89
Let s(x) = x**3 + 13*x**2 + 19*x + 51. What is s(-8)?
219
Let f(z) = 565*z**2 + z + 1. Calculate f(-1).
565
Let w(u) = -3*u**3 + 71*u**2 - 55*u + 205. Determine w(23).
-2
Let d(c) = 309*c - 1541. What is d(5)?
4
Let z(a) = -2*a**2 + 134*a + 1175. What is z(-8)?
-25
Let r(z) = 356*z - 407. What is r(1)?
-51
Let t(o) = -o**2 - 73*o - 188. What is t(-71)?
-46
Let l(b) = 2*b**2 + 58*b - 55. What is l(-28)?
-111
Let m(h) = 3*h**2 + 2. Determine m(5).
77
Let r(b) = -2*b**3 - 4*b**2 + 16*b + 32. Calculate r(-3).
2
Let j(h) = 11*h**2 - 350*h + 267. Give j(31).
-12
Let i(y) = -16*y + 377. What is i(14)?
153
Let b(g) = 115*g - 490. What is b(4)?
-30
Let b(w) = -5*w**2 - 246*w - 1281. Determine b(-6).
15
Let a(y) = 2*y**3 - 24*y**2 - 18*y + 211. What is a(12)?
-5
Let u(d) = 2*d**3 + 16*d**2 - 24*d - 207. What is u(-8)?
-15
Let j(z) = 23*z - 633. Give j(24).
-81
Let b(r) = 12*r - 800. Give b(66).
-8
Let j(l) = l**3 - 12*l**2 - 40*l - 34. Calculate j(-2).
-10
Let g(l) = 2*l**3 + 23*l**2 - 125*l + 38. Determine g(-16).
-266
Let g(w) = -8*w**3 + 9*w**2 - 6*w - 2. What is g(1)?
-7
Let f(c) = -3*c**2 + 132*c - 132. Give f(45).
-267
